(-2). What are the prime factors of w(m)?
2, 11
Suppose -5*j + 8 + 17 = 0. Let s(c) = 2*c - 1. Let v be s(2). Suppose j*t - t - 39 = 3*u, -t = v*u + 9. What are the prime factors of t?
2, 3
Let b(k) be the third derivative of k**6/120 - k**5/30 - k**4/6 + k**3/6 + 4*k**2. List the prime factors of b(4).
17
Let u(i) = -7*i - 9. What are the prime factors of u(-7)?
2, 5
Suppose 2*u - 4*g + 94 = 0, u - 4*u = -2*g + 137. List the prime factors of u/2*16/(-20).
2, 3
Let i(g) = -15*g**2 + 21*g - 2. Let m(a) = -8*a**2 + 11*a - 1. Let y(d) = -6*i(d) + 11*m(d). List the prime factors of y(4).
13
Suppose 2*n = 79 + 207. Suppose 0 = a + 4*o - 32, -3*a - 3*o + n = 2*a. Let y = 42 - a. What are the prime factors of y?
2, 7
What are the prime factors of ((-576)/(-27))/(2/6)?
2
Let b(p) = p**3 - 9*p**2 - 9*p - 7. Let f be b(10). Suppose 0 = f*c + 2*c - 100. What are the prime factors of c?
2, 5
Let d(x) = x**2 + 47. Let v be d(0). Let n = v - 28. What are the prime factors of n?
19
Let u = -150 + 241. List the prime factors of u.
7, 13
Let d(q) = -5*q - 4 + 0 + 0*q**2 - q**2. Let r be d(-3). Let i = 5 - r. What are the prime factors of i?
3
Let p(n) = n**2 + 2*n + 3. Let v be p(-2). Suppose -40 = -4*d - u, -v*d + 4*u - 2*u + 19 = 0. List the prime factors of d.
3
Let l be 3/2*(-10)/(-3). Suppose 0 = 2*n - 2*t - 18, -2*t + t = -l*n + 65. Suppose 3*f + 2*o - n = -f, 3*f = 5*o + 4. What are the prime factors of f?
3
What are the prime factors of 4 - (-186*1 - 4)?
2, 97
Suppose 3*t - 3*k = -t - 7, t = -3*k + 17. Let j be -1 + t + -3 + 1. Let g = j - -8. List the prime factors of g.
7
Suppose 3*s - 82 = -5*z + 98, 0 = 2*z - 2*s - 88. List the prime factors of z.
3, 13
Let r(d) = -67*d + 1. Let l be 3 + (-2 - 0/(-1)). Let w be r(l). What are the prime factors of ((-5)/(-15))/((-2)/w)?
11
Let d(a) = 7*a**3 + 2*a**2 - a. Let m be d(1). Suppose -4*j = -6*j + m. List the prime factors of ((-2)/j - -1)*22.
11
Suppose -3*p - 43 - 2 = 0. Let f = -10 - p. List the prime factors of f.
5
Suppose -1485 = -10*y - 285. List the prime factors of y.
2, 3, 5
Suppose 5*g - 5*b - 610 = 0, 5*g + 2*b - 244 = 3*g. List the prime factors of g.
2, 61
Let s = -8 - -33. List the prime factors of s.
5
Let k(m) be the third derivative of 0*m**4 - 2*m**2 + 1/60*m**5 + 0*m**3 + 0*m + 0. List the prime factors of k(-3).
3
Let u be ((-6)/4*2)/(-1). Let q be u/((-2)/(-4) + 1). Suppose 4*z - q*z - 12 = -x, -z = -x + 3. List the prime factors of x.
2, 3
Let m = 23 + 58. List the prime factors of m.
3
Let h = 49 + -22. List the prime factors of h.
3
Let b = 2 - 4. Let c be b/(-6) + 10/6. Suppose w = c*w - 10. What are the prime factors of w?
2, 5
Suppose 3*g = -4*d + 13, 0 = -g + 4*g - 2*d - 7. Suppose -g*y + 9 = -75. List the prime factors of y.
2, 7
Suppose z + 2*z + 2*y - 116 = 0, 0 = 3*y - 12. Suppose j - 3*x = -0*x + z, -2*x - 64 = -2*j. List the prime factors of j.
2, 3, 5
Let d = -9 + 9. Suppose m = 5*n - 289, d*n - 2*n + 119 = 3*m. What are the prime factors of n?
2, 29
List the prime factors of 4/(-6)*(-8055)/30.
179
Let j be (-144)/(-8) + 3/1. Let v(z) = z**3 - 5*z**2 - 3*z + 5. Let f be v(5). Let i = f + j. What are the prime factors of i?
11
Suppose g = -5*u + 774, 3*u - 5*g = 6*u - 460. What are the prime factors of u?
5, 31
Let f(c) = -2*c**2 - 5*c - 5. Let s be f(-7). List the prime factors of s/(-7) + (-2)/(-7).
2, 5
Let q(j) = -j**2 - 6*j + 9. Suppose -5*y - 35 = -0*y. What are the prime factors of q(y)?
2
Suppose 60 - 428 = -4*k. Suppose 69 = 3*m + 3*n, -m + n + k = 3*m. List the prime factors of m.
23
Let r be 45/6 + (-2)/(-4). What are the prime factors of r*2 + 0 + -2?
2, 7
Let a(d) = -11*d**3 - d**2 + d + 1. Let c be a(-1). Suppose -5*m = 2*h - 22, -7 = -3*m - 0*h + 5*h. Let k = c - m. What are the prime factors of k?
2, 3
Suppose 0 = 4*b - 9 - 3. Let a(q) = -q**3 + 3*q**2 + 5*q - 4. Let k be a(b). Suppose -1 = -y + k. What are the prime factors of y?
2, 3
Let g(x) = -x**3 - x**2 + 9*x + 4. What are the prime factors of g(-4)?
2
Let t(k) = -k**3 - 12*k**2 + 9*k - 4. List the prime factors of t(-13).
2, 3
Suppose -2*s + 24 = h - 0*h, 2*s + 168 = 5*h. What are the prime factors of h?
2
Suppose -7*p = -4*p + 6. Let n = 13 + p. List the prime factors of n.
11
Let w(s) = 2*s**2 - 2*s - 1. Suppose 0 = -3*k + 2*k + 2. What are the prime factors of w(k)?
3
Suppose 3*p - 8*p = -160. List the prime factors of p.
2
Suppose c = 5*c - 92. Let m = 45 - c. List the prime factors of m.
2, 11
Let q = -3 + 5. Suppose -28 = -3*v - 5*s + 9, 28 = q*v + 4*s. List the prime factors of v.
2
Let a(r) = 16*r**2 + r - 1. Let v be a(2). Suppose 22 = 2*f + 2*x, 5*f - 6*x = -x + v. List the prime factors of f.
2, 3
Let x = 14 - -8. Suppose 4*u = -4*l + 4, -3*u - u = -5*l - x. List the prime factors of u.
3
Let v = -11 - -15. Suppose 0 = -v*d + 4 - 44. Let z = -6 - d. List the prime factors of z.
2
Let y(v) = -v**2 - 6*v + 6. What are the prime factors of y(-5)?
11
Let o be (6/2)/(2/2). Suppose 0 = o*a - 2*a. Suppose 4*n + 0*n = 4*j + 40, a = 5*n - j - 54. What are the prime factors of n?
11
Suppose 3*y - 66 - 27 = 0. Let b = -53 + y. Let l = -8 - b. What are the prime factors of l?
2, 7
List the prime factors of (-2)/((-4)/(105 - 1)).
2, 13
Let m = -35 + 88. List the prime factors of m.
53
Let v(t) = -4*t**2 + 0 + 8*t + 3*t**2 + 6 - 1. Let h be v(8). Suppose -h*x + c = -34, 0*x = x - 4*c - 22. What are the prime factors of x?
2, 3
What are the prime factors of 4/(-14) - (-255)/35?
7
Let o = -64 - -89. Suppose 0 = -2*i + o + 9. List the prime factors of i.
17
Let v(y) = y**2 + 2*y + 3. Suppose -t = s - 13, 2*t - 29 = -s - 12. Let u = 6 - s. What are the prime factors of v(u)?
2, 3
Let s = -52 + 89. What are the prime factors of s?
37
Suppose 0 = 4*o - 44 - 28. Suppose -5*p = a - 2, 2 = a - p - o. List the prime factors of a.
17
Let o be (4/(-8))/(1/8). Let l = 8 - o. What are the prime factors of l?
2, 3
Let h(f) = 1 - 2*f**2 - f**2 - 2*f**2 + f - 4 - 2*f**3. List the prime factors of h(-4).
41
Let o be 1/(-3) - 35/(-15). Suppose 25 = o*i + 9. List the prime factors of i.
2
Let i be (2 - -29) + 1 + 0. Let j = 50 - i. Suppose j = 3*p - 5*d, -5*p - 4*d = 28 - 95. List the prime factors of p.
11
Suppose 3*b = -b - 2*n + 22, -4*n = 2*b - 20. Suppose -p = b*g - 32, 2*g = -2*p - p + 56. List the prime factors of p.
2
Suppose 2*i - 5*i + 54 = 0. List the prime factors of 2/((-3)/i*-3).
2
Let b = 7 + -5. List the prime factors of b/4 - 21/(-2).
11
Suppose 2*a = -s + 8, -2*s + 3 = 5*a - 18. Suppose a*x = 3*l + 132, 2*x - 4*l = -l + 60. List the prime factors of x.
2, 3
Let q = -15 + 11. List the prime factors of 22/4 - (-6)/q.
2
Suppose -n - 5*s - 19 - 3 = 0, 4*n + 4*s = -24. What are the prime factors of (15 - (n - 0)) + 2?
19
Let g(b) = b**2 + 2*b + 2. Suppose -2*l + 0*l = 0. Suppose -x + 4*j + 16 = 0, l*j = 4*x - 5*j - 9. List the prime factors of g(x).
2, 5
Let v = 6 + -2. Suppose -2*m - 4*n = -12, m + 0 = -n + v. Suppose -68 = -4*i + 4*y, 3*i + m*y = i + 14. What are the prime factors of i?
2, 3
Suppose -h - 3*z + 77 = 0, 2*h + 2*z = h + 74. What are the prime factors of h?
2, 17
Let a = -23 - -50. Suppose 120 = -2*i + 6*i. Suppose -j + i = -5*c, 3*c - a = -5*j + 11. What are the prime factors of j?
2, 5
Let p be ((-3)/(-2))/(2/(-4)). What are the prime factors of (5 + 28)*(-1)/p?
11
Suppose 0*l - g + 5 = 3*l, 5*l - 4*g + 3 = 0. Let h be (-2)/(0 + -1) + l. Suppose 0 = h*s - 7 - 20. What are the prime factors of s?
3
List the prime factors of ((-1)/1)/(4/(-348)).
3, 29
Let i(d) = -d**3 - 8*d**2 - 8*d + 3. Let u be i(-7). Suppose -2*t - u = -5*t - w, -5*t = -4*w - 28. List the prime factors of t.
2
Let k(i) = 9*i + 2. Let n be k(3). Let u = n + 28. What are the prime factors of u?
3, 19
Let x = -2 + 4. Suppose 3*i - x = 2*i. What are the prime factors of i?
2
Let o(s) = s - 2. Let a be o(4). Let h(q) = 1 + 5 + a*q - 2 + 0. What are the prime factors of h(3)?
2, 5
Let n be ((-15)/6)/5*-6. Suppose -n*c - 20 = -5*c. What are the prime factors of c?
2, 5
Suppose -5*i - 465 = -5*g + g, g - 2*i - 117 = 0. What are the prime factors of g?
5, 23
Let d be 0 + 11 - 8/4. Let v(m) = -m**2 + 12*m - 13. Let a be v(d). Suppose -i = -4*h - a, 0 = i + 5*h - 3*h - 26. List the prime factors of i.
2, 11
Let o = 36 - 3. List th